 What are the prime factors of o?
2, 5, 13
Suppose -25 = -0*i - 5*i + 5*m, 4*m = 3*i - 17. Suppose 0*x + 2*y - 175 = -x, 4*x - 685 = -i*y. What are the prime factors of x?
13
Suppose 11*c - 43 = 6*c - n, -5*n = 4*c - 47. What are the prime factors of c?
2
Suppose -6*q + 2810 = -q + 2*v, 5*q - 2785 = 3*v. List the prime factors of q.
2, 5, 7
Let x(i) = -182*i + 77. What are the prime factors of x(-18)?
7, 479
Suppose 4*x + 45 = -5*m + 349, -3*x + 308 = 5*m. What are the prime factors of m?
2
What are the prime factors of (576 - -10)/(1 + 0)?
2, 293
Let t(b) = 2*b**2 + 8. Let x be t(0). Let j be ((-117)/26)/(2/x). Let y(s) = -2*s - 2. List the prime factors of y(j).
2, 17
Let h be 7*(20/70 - 0/1). Let l = h + 63. List the prime factors of l.
5, 13
Suppose 4*p = 4*y - 2496, 4*p = 4*y + 5*p - 2486. Suppose -3*a + y = -161. List the prime factors of a.
3, 29
Let m(p) = -p**2 + 4*p + 24. Suppose 5*j = 2*j. List the prime factors of m(j).
2, 3
Suppose 4*r + 12 = 0, 2*q + 5*r - 9 = 2. Let n = q - 25. Let k = 43 - n. What are the prime factors of k?
5, 11
Let m = -134 - -143. What are the prime factors of m?
3
Let i = 12171 + -8600. What are the prime factors of i?
3571
Let f(q) = 15*q + 4. Let m be f(7). Let s = m + -52. What are the prime factors of s?
3, 19
Suppose -r + 213 = -i, 2*r - 3*i = -0*r + 425. What are the prime factors of r?
2, 107
Let w(a) = -a + 9. Let h be (16/(-12))/(3/(-18)). Let t be w(h). What are the prime factors of 2 + 1 - -23 - t?
5
Let y be -1*4/4*9. Let m = y + 11. Suppose 2*c + 12 = -3*l + 115, 2 = -m*c. List the prime factors of l.
5, 7
Let a = 2315 + -734. What are the prime factors of a?
3, 17, 31
Suppose 0 = -4*x + 6*x - 8. Suppose 4*m = 4*c - 332, x*c + 0*m + 3*m - 297 = 0. What are the prime factors of c?
2, 3, 13
Let b(r) = r - 15. Let a be b(9). Let z be a/(-12)*(10 + 2). Suppose 41 = z*x - 103. What are the prime factors of x?
2, 3
What are the prime factors of 22228/6 + 1512/648?
11, 337
Let h = -399 - -580. Let d(b) = -15*b**2 - 48*b + 12. Let s be d(-5). Let p = s + h. List the prime factors of p.
2, 29
Suppose -2*r - 1024 = 5*b + r, 0 = 2*b + r + 410. Let t = 405 + b. List the prime factors of t.
199
Suppose 18*k - 20*k = 8, 2*k = -c + 1694. List the prime factors of c.
2, 23, 37
Let s(i) = 12*i**2 + 5*i + 25. What are the prime factors of s(-7)?
2, 17
Let b be (8/(-12))/(5/(-75)). What are the prime factors of (-124 + 2)/(b/(-5))?
61
Let z = -30 + 29. Let c = z - -61. List the prime factors of c.
2, 3, 5
Let w = 249 + 947. What are the prime factors of w?
2, 13, 23
Let x = -390 - -579. Suppose -4*t + 253 = -3*z, 2*z = 5*t - 2*t - x. List the prime factors of t.
61
Let q be 2/(44/10 + -4). Suppose -4*y - 2*g + 206 = 0, -5*y + 2*g + 257 = q*g. List the prime factors of y.
2, 13
Let f(k) = k**2 + k - 23. Let a(s) = 4*s**2 + 6*s - 115. Let z(g) = -2*a(g) + 11*f(g). List the prime factors of z(-4).
29
Suppose i + 54 = 2*i. Suppose f - 14 = y - 2*y, -i = -3*y + f. What are the prime factors of y?
17
Suppose 15*a = 14*a - 10. Let p(r) = -11*r - 14. List the prime factors of p(a).
2, 3
Let o(i) = 33*i**3 - 2*i**2 + 4*i - 2. List the prime factors of o(4).
2, 3, 349
Let y(u) = 59*u + 1. List the prime factors of y(6).
5, 71
Let h(t) = 7*t + 4. Let j be h(3). Let v = j - 60. List the prime factors of 6/21 + (-2335)/v.
67
Suppose 0*v - 60 = -6*v. Suppose v*a - 252 = 3*a. What are the prime factors of a?
2, 3
Suppose 48 = -8*w + 6*w - 4*h, 3*w + 4*h = -82. Let d = w - -68. What are the prime factors of d?
2, 17
Let l = 5 + 0. Let i = -14 + l. Let s = i + 22. What are the prime factors of s?
13
Suppose 5*a = -4*s + 14963, 4*s + 18710 = 9*s + 5*a. List the prime factors of s.
3, 1249
Suppose -3*b + 9 = 0, 0 = j - 2*b + 49 - 210. List the prime factors of j.
167
Let k(a) = -46*a. Let d be k(-3). Let r be (-1932)/(-8) + 2/4. Suppose d = 5*l - r. List the prime factors of l.
2, 19
Let h(q) = q**3 - 2*q**2 - 2*q - 1. Let n be h(3). What are the prime factors of n/(-11) - (4 - (-4566)/(-66))?
5, 13
Let c be 1*17 + 3 + -5. Suppose -3*y - 2*y = c, 2*y + 96 = 5*i. What are the prime factors of 1*i/21*28?
2, 3
Suppose -1166 + 194 = -9*g. Let q = 189 - g. List the prime factors of q.
3
Let t(j) = 2*j**2 - 5*j + 4. Let q be t(3). Let x be 3/(-1) - q/(-1). Suppose x*r - 8*r = -128. What are the prime factors of r?
2
Let l(q) = 2*q + 7. Let m be l(-5). Let v be m + 3 + -7 - 0. Let j = 22 + v. List the prime factors of j.
3, 5
Let m be (-361)/(-7) + (-3)/(-7). List the prime factors of m/(-6)*(-72)/16.
3, 13
Let u(t) = t**3 - 2*t**2 + 2*t + 50. Let b(x) = -x**3 + 3*x**2 - 3*x - 50. Let r(p) = 3*b(p) + 4*u(p). List the prime factors of r(0).
2, 5
Let s = -81 - -84. Suppose -v = -5*p - 31, -s*p + 74 = 3*v + p. List the prime factors of v.
2, 13
Let o = -1159 - -2053. What are the prime factors of o?
2, 3, 149
Suppose 3844 = -9*w + 22717. List the prime factors of w.
3, 233
Let k be (-3 + 1)*-2 - -7. Let o = k - 14. Let v(x) = 6*x**2 - 2*x + 6. List the prime factors of v(o).
2, 3, 11
Suppose 5*z - 3*m - 25 = 0, -5*m + 17 = -8. Let a be (-13 - -10)*z/(-6). Suppose -12 = -4*t, 2*c - a*t = -7*t + 73. What are the prime factors of c?
2
Let f = -331 + 295. Suppose 0 = m + m - 4*d + 16, 2*d + 32 = -3*m. Let a = m - f. List the prime factors of a.
2, 13
Suppose 404*i - 410*i = -522. List the prime factors of i.
3, 29
Let q(k) = -94*k**3 + 3*k**2 + 10*k - 1. What are the prime factors of q(-2)?
743
Let b be -4*(-3)/6 + 0. Suppose b*y = -0*y. Let x(m) = -m**3 + 4. What are the prime factors of x(y)?
2
Let k be (-3)/6*(-1 + 1). Suppose k*j - 3*j = 0. What are the prime factors of (-8 + j)/(2/(-4))?
2
Let u = 26 - 18. Let q(z) = 2 - 16 + u*z + 0*z. List the prime factors of q(7).
2, 3, 7
Let a be ((-268)/12)/((-1)/6). Let u = a - 90. Suppose 4*d - u = z, d + 4*z + 6 = -0. What are the prime factors of d?
2, 5
Let g(k) be the first derivative of -5*k**3/6 + 3*k**2 - 3*k - 6. Let m(h) be the first derivative of g(h). List the prime factors of m(-9).
3, 17
Suppose 53*b - 15574 = 27*b. What are the prime factors of b?
599
Let g(f) = -66*f - 354. List the prime factors of g(-20).
2, 3, 7, 23
Let q(y) = 64*y + 10. Let t be q(9). Suppose 5*j = 44 + t. What are the prime factors of j?
2, 3, 7
Let s be 1/(-5) - (-21)/5. Let z be (2/s)/((-3)/(-24)). Suppose -z*v + 77 = 3*v. List the prime factors of v.
11
What are the prime factors of ((-23)/69)/(3/(-6003)*1)?
23, 29
Let i be (-22)/33 - (-1073)/3. Suppose -3*c = -3*d - c + 222, -5*d + i = c. List the prime factors of d.
2, 3
Let u(s) = s**3 - 15*s**2 + 17*s - 13. Suppose -4*f + 16 + 40 = 0. What are the prime factors of u(f)?
29
Suppose -4*b - 9 = -1, -2*j + 16 = 2*b. List the prime factors of (104/(-3))/(j/(-30)).
2, 13
Suppose 1 = q - 2*h - 16, -3*q = 4*h - 81. Let y = 38 + q. List the prime factors of y.
61
Suppose 196*j - 198*j = -11200. List the prime factors of j.
2, 5, 7
Let k = -254 - -53. Let o = -130 - k. List the prime factors of o.
71
Let h = -67 + 991. List the prime factors of h.
2, 3, 7, 11
Let s(z) be the third derivative of z**6/60 - 11*z**5/60 + z**4/2 - z**3/6 + 37*z**2. List the prime factors of s(7).
2, 5, 23
Suppose -7*a = -3*a + 60. What are the prime factors of (4 - a - 0)*3?
3, 19
Suppose 5*r - 7*r + 22 = 0. What are the prime factors of r?
11
Suppose 28 = 2*o + 6. Suppose 8*r + 144 = o*r. List the prime factors of r.
2, 3
Suppose 3*f - 6 = 0, -6*s + 2*s + 3*f = -90. List the prime factors of s.
2, 3
Let r = 550 - 416. What are the prime factors of r?
2, 67
Let t = -1394 + 2068. What are the prime factors of t?
2, 337
Let m(r) = 6*r + 30. What are the prime factors of m(18)?
2, 3, 23
Suppose -8*c = -3*c + 60. What are the prime factors of ((-174)/c)/((-2)/(-4))?
29
Let f(d) be the third derivative of -d**6/40 - d**5/60 - d**4/12 + d**3/3 + 3*d**2. Let m be f(1). What are the prime factors of m/12*7*-15?
5, 7
Suppose -2*y + 5*v + 0*v = 0, -v + 12 = 2*y. Suppose -y*w + 600 = w. List the prime factors of w.
2, 5
Let t(l) = l**3 - 6*l**2 - 4*l + 1. Let y(b) = -b**3 + 6*b**2 - 4*b + 2. Let p be y(5). List the prime factors of t(p).
2, 11
Let a(q) = 2*q**2 - 3*q - 4. Let h = 9 + -5. List the prime factors of a(h).
2
List the prime factors of (5/15*2)/(2/1008).
2, 3, 7
Suppose -9815 = -5*